Let n be (-9)/3 + (-11)/(66/(-756)). What are the prime factors of (-4882)/(-3) + n/9 + -13?
2, 11, 37
Suppose -5 = -3*w - 2. Let v be w + 0 + 0 + 7/7. Suppose -3 = 3*l, 5*n + 0*n - v*l - 17 = 0. List the prime factors of n.
3
Suppose 0 = -4*h - g + 229545, -3*h + 131*g + 172140 = 128*g. List the prime factors of h.
5, 23, 499
Let d be 0/(-3*5/(-15)). Suppose d = -5*m - 2*z + 268, 0 = -0*m - 5*m + 3*z + 248. What are the prime factors of (m + 3/1)*(-3)/(-5)?
3, 11
Suppose -3*w - 5*n = 1295, -5*w - 4*n - 1039 - 1102 = 0. Let s = 666 - w. List the prime factors of s.
1091
Let w = -151710 + 218078. List the prime factors of w.
2, 17, 61
Suppose 49240 = -56*b - 35*b + 2447181. List the prime factors of b.
13, 2027
Let y(x) = -4*x**3 - 17*x**2 - 39*x + 53. Let i(c) = -2*c**3 - 8*c**2 - 19*c + 27. Let b(t) = -13*i(t) + 6*y(t). What are the prime factors of b(4)?
179
Let u(k) = -40*k + 32 + 15 + 3 + 13. List the prime factors of u(-5).
263
Let v(w) = 37*w**2 - 450*w - 46. What are the prime factors of v(25)?
3, 3943
Let o(c) = -2*c - 18. Let v be o(-9). Suppose f = -v*f - f. Suppose f = g, -u + 101 = -g + 4*g. What are the prime factors of u?
101
Suppose -6*p = -p + 5. Let t(f) = 3*f**2 - 1. Let b be t(p). Suppose -b*c - 2*z + 256 = 0, 2*z - 47 = -5*c + 599. What are the prime factors of c?
2, 5, 13
Let p = 8 + -11. Let k be p - -4 - -6 - (1 - 0). Let f(t) = -2*t + 19. List the prime factors of f(k).
7
Let q(v) = 7*v - 41. Let x(m) = -36*m + 204. Let t(w) = 21*q(w) + 4*x(w). Let a be t(0). What are the prime factors of (-1045)/a + (-4)/18?
23
Suppose 245686 = -167*u + 358232 + 730470. List the prime factors of u.
2, 631
Let z(o) = -6*o**2 - 9*o + 16. Let a be z(-7). Let i = 8 - 120. Let m = i - a. List the prime factors of m.
103
Let w(q) be the third derivative of -367*q**6/60 + q**4/24 + q**3/6 + 2*q**2 + 4. List the prime factors of w(-1).
2, 367
Let o(c) = -4*c**3 - 4*c**2 + 5*c + 3. Let s(d) = d**3 + 2*d**2 - d - 1. Let g(r) = o(r) + 3*s(r). Let k be g(3). List the prime factors of (-2 - k/9*-339)*-1.
5, 23
Suppose 0 = -4*x + 2*h + 16004 + 39134, 0 = -3*x - h + 41341. What are the prime factors of x/48 + (-1)/8?
7, 41
Suppose 7796 = 2*c - 2*u, -7*c + 4*c + u = -11702. What are the prime factors of c?
2, 1951
List the prime factors of ((-13065)/(-268))/(12/4496).
5, 13, 281
List the prime factors of ((-3)/2)/(-26 + (-1214300)/(-46705))*36.
3, 9341
Suppose u - f = 1, 2*u + 2*f - 7*f - 5 = 0. Suppose 3*q + 4311 = 2*i, u*q = -i + 2*q + 2156. List the prime factors of i/45 - 4/(-30).
2, 3
Suppose -82*z + 1082050 = 329454. What are the prime factors of z?
2, 13, 353
Suppose 0 = 4*f + 12*b - 11*b - 42422, 0 = 4*f - b - 42434. List the prime factors of f.
10607
Suppose -2*c + 4*f + 322 + 1496 = 0, f - 2727 = -3*c. What are the prime factors of c?
3, 101
Let q be -2 + (-155)/(-3) + 465/(-279). Suppose q = -7*f + 2617. What are the prime factors of f?
367
Suppose -13*h = -1019 - 7119. List the prime factors of (h/1)/(6/3 - 0).
313
List the prime factors of ((-19144)/(-6))/((-46)/(-21) - 2).
7, 2393
Suppose 0 = -11*o + 123 + 31. Suppose o*s = -105 + 1043. List the prime factors of s.
67
Suppose 0 = -3*s - 6, 31024 - 157506 = -4*b - s. List the prime factors of b.
103, 307
What are the prime factors of (0 - 23703*8/24)*-1?
7901
Let s = -50865 - -74354. What are the prime factors of s?
83, 283
Let x(i) = 5*i**3 - 5*i**2 - 5*i + 9. Suppose 55 = 8*c + 3*c. List the prime factors of x(c).
2, 11
Suppose 21*y = -71*y - 17*y + 1306474. List the prime factors of y.
2, 13, 461
Let u = 20 + -13. Suppose 1 = 3*g - 5*a - 0, g = 5*a + u. List the prime factors of 64 - (g - -1)*-2.
2, 3, 5
Let g(z) = -3*z**3 + 21*z**2 - 8*z - 6. Let a be g(6). What are the prime factors of a/18 + (1049 - 0)?
2, 263
Let p(g) = g**3 - 128*g**2 + 29*g + 1278. List the prime factors of p(128).
2, 5, 499
Let h(v) = -v**2 - 2*v - 151*v**3 - v**2 + 58*v**3 - 1. Let y be (-3 - (3 + -1))*(-41)/(-205). What are the prime factors of h(y)?
2, 23
Let j = -4892 - -12124. What are the prime factors of j?
2, 113
Let x(n) = -n**2 + 17*n - 54. Let g be x(11). Suppose -f = f + 4. What are the prime factors of (13/f)/(1*(-3)/g)?
2, 13
Suppose -3*r - 5169 = 2*y, 3*y + 4*r = -1320 - 6433. Let s = 3919 + y. What are the prime factors of s?
2, 167
Suppose 24189984 = 256*q + 235*q + 16*q. List the prime factors of q.
2, 3, 7, 71
Suppose 2*p - p + 4*i - 19860 = 0, 3*p - 59541 = i. What are the prime factors of p?
2, 3, 827
Suppose 18*l - 17*l + i - 2093 = 0, 5*l = -2*i + 10468. List the prime factors of l.
2, 3, 349
Suppose 3*r - g = 107059, 3*r - 94927 = 4*g + 12108. List the prime factors of r.
89, 401
Let y = -862 - -1499. Let g = -403 + y. List the prime factors of g.
2, 3, 13
Let v(c) be the first derivative of 26*c**3/3 - 3*c**2/2 + 29*c - 62. List the prime factors of v(-5).
2, 347
List the prime factors of 18579 + -15 + (-8 - -16).
2, 4643
Let v = 580 + -385. What are the prime factors of v?
3, 5, 13
Let l = -14 + 11. Let i be -10 + 12 - (l - -2). Suppose -2*o = i*f - 4*o - 237, -2*o = 0. List the prime factors of f.
79
Let f(t) = t**2 - 8*t - 39. Let m(v) = -v**3 - 3*v**2 + 11*v - 2. Let s be (-154)/42 - 4/3. Let x be m(s). List the prime factors of f(x).
2, 3, 11
Let o = -942 - -1579. Suppose -3*r + 7*b - 5*b = -395, -5*r - 2*b + o = 0. What are the prime factors of r?
3, 43
Suppose -206 = 3*q - 218. Suppose -3*z = -q*z + 4, 5*z + 12 = s. What are the prime factors of s?
2
Suppose 553 = -2*l - 197. Let n be (-15)/(l/(-3140))*10/(-4). Let h = -195 + n. List the prime factors of h.
7, 17
Let v(u) = 32*u**2 + 45*u + 593. List the prime factors of v(-23).
2, 8243
Let s(q) be the second derivative of q**6/90 + q**5/120 + 13*q**3/3 + 32*q. Let p(i) be the second derivative of s(i). What are the prime factors of p(-4)?
2, 3, 5
Let g(z) = 1771*z - 28. Let k be g(-1). Let x = -1035 - k. What are the prime factors of x?
2, 191
Suppose -25*g + 24*g + 2*r = -196, 3*g - 585 = 5*r. List the prime factors of g.
2, 5, 19
Let g(n) = -n - 17. Let z(o) = o**3 + 3*o**2 - 6*o + 1. Let m be z(-5). Let h be g(m). Let i(k) = 4*k**3 + 2*k - 3. What are the prime factors of i(h)?
3, 11
List the prime factors of (-2 - -1 - 53707)*108/(-216).
2, 29, 463
Let q be 3/(30/80 - 25/88). Let p(r) = r**3 - 30*r**2 - 77*r - 24. What are the prime factors of p(q)?
2, 3, 13
Suppose 0 = -4*h + 5*k + 1138, 286*k + 1373 = 5*h + 288*k. What are the prime factors of h?
277
Suppose -r + 10801 = 2848. What are the prime factors of r?
3, 11, 241
Suppose -6780 = -k + 2*r + 3753, -5*k - 5*r = -52740. List the prime factors of k.
13, 811
Let o = 8717 + -4190. What are the prime factors of o?
3, 503
Suppose 0 = 4*i - 10*a + 5*a - 68, 5*a = 2*i - 34. Suppose -i*m + 252 = -11*m. List the prime factors of m.
2, 3, 7
Suppose 10*s - 5*s = -5*y - 5, 32 = 4*s - 5*y. Let r(c) = 15 - 320*c - 3 - 2 + c**s + 3*c**2 + 313*c. List the prime factors of r(5).
5, 7
What are the prime factors of 51052 + 35*(-2)/14?
51047
Suppose -7*h = -4*h + 3. Suppose -q + 2*i + 1878 = -3*q, 3*i + 1877 = -2*q. List the prime factors of (h - 1)/((32/q)/4).
5, 47
Let k(v) = 2*v**3 - 7*v**2 + 6*v. Let f(x) = x**3 + 6*x**2 + 3*x - 8. Let s be f(-4). Let m be ((-3)/21 + -1)*(-42)/s. List the prime factors of k(m).
2, 5
List the prime factors of (320/(-480))/((-2)/138048).
2, 719
Let t(q) = 12*q**3 + 16*q**2 + 6*q - 72. What are the prime factors of t(13)?
2, 14537
List the prime factors of 86458/5 + 4/10 - (130 + -129).
17291
Let h(l) = -l**2 + 2*l + 8. Let f be h(4). Let x = 2154 + -1134. Suppose 4*s + 6*s - x = f. List the prime factors of s.
2, 3, 17
Suppose 23 = -10*h + 43. Suppose h*a - b + 3*b - 1444 = 0, -3*b = -9. What are the prime factors of a?
719
Suppose -775572 = -28*p + 565452 - 142820. List the prime factors of p.
42793
Suppose x - 5*x - 40 = 0. Let n(c) be the second derivative of c**5/20 + 11*c**4/12 + 5*c**3/6 + 5*c**2 + 160*c + 4. What are the prime factors of n(x)?
2, 3, 5
Let l = 72 + -64. What are the prime factors of ((-54)/l)/(111/(-296))?
2, 3
Let u be 4/12 + (-22876)/(-6). Suppose 28*k - 25065 = -u. What are the prime factors of k?
3, 11, 23
Let y(d) = -d**3 - 73*d**2 + 1945*d + 260. List the prime factors of y(-94).
2, 1493
Let n(f) be the first derivative o